47 is divided by m?
5
Suppose 0 = 4*m - 2*z - 252, 2*z - 4 + 12 = 0. Suppose -3*g + 357 = -0*q - 2*q, g - q - 119 = 0. What is the remainder when g is divided by m?
58
Suppose 12 = -10*v + 4*v. Calculate the remainder when (v + 4)/2*7 is divided by 5.
2
Let x be -20*(0 + -2) + 2. Suppose -z - 6*h = -h - x, -4*h - 96 = -4*z. What is the remainder when 80 is divided by z?
26
Suppose 0 = -3*u + 20 - 71. Let b = u - -3. Let y = 35 + b. Calculate the remainder when y is divided by 8.
5
What is the remainder when 37 is divided by (-5 + 3/2)*(3 - 7)?
9
Let s(u) = 9*u - 86. Let x(i) = i**3 + 11*i**2 - 15*i - 25. Let p be x(-12). Calculate the remainder when s(p) is divided by 5.
3
Let m(d) = d**3 + 8*d**2 + 2*d + 4. Let u be m(-4). Suppose 3*h = -3*r + u, -h + 2*r = -r - 28. What is the remainder when h is divided by 8?
6
Let f(u) = 2*u - 5. Let t be f(5). Suppose -t*k = -35 + 195. Let y = -14 - k. Calculate the remainder when y is divided by 5.
3
What is the remainder when 119 is divided by ((-123)/(-6))/(23/46)?
37
Let n(c) = -4*c**2 - 213*c - 43. Let u(r) = r**3 - 3*r**2 + 2*r + 2. Let t be u(5). Suppose t = 4*y - 10. What is the remainder when y is divided by n(-53)?
8
Let r = -385 + 434. Calculate the remainder when 338 is divided by r.
44
Let n = 637 + -261. Calculate the remainder when n is divided by 13.
12
Calculate the remainder when 137 is divided by (2/(-6))/(63/(-756)).
1
Suppose -6*y - 58 = -4*y. Let q = -17 - y. Let n = 18 - q. Calculate the remainder when 11 is divided by n.
5
Suppose 5*r = -3*f - f + 38, 0 = -2*f - 5*r + 24. Calculate the remainder when 60 is divided by ((f - 10) + 8/3)*-66.
16
Let s(m) be the third derivative of -m**6/120 + m**5/5 + 5*m**4/8 + 3*m**3/2 + 20*m**2. Calculate the remainder when 174 is divided by s(13).
34
Let p = 18 - 14. Suppose 3 = 7*a - p. Let b = 0 + 1. Calculate the remainder when b is divided by a.
0
Suppose 2*q = -5*s + 141, -5*q + 3*s + 270 = -s. What is the remainder when 167 is divided by q?
51
Let q be (-2)/(-7) + 512/(-28). Let w be 8/36 + (-50)/q. Calculate the remainder when 25 is divided by (0 - -1)*6 + w.
7
Let x = -7 - -32. Let z = 43 - x. Calculate the remainder when z is divided by (-45)/(-6)*8/6.
8
Let j = 610 - 214. What is the remainder when j is divided by 10?
6
Calculate the remainder when 76 is divided by (-1280)/(-60) + (-3)/9.
13
What is the remainder when (5 + 0)*(6 + 4/1) is divided by 30?
20
Let b be 4/(-10) + 222/5. Suppose -7*s + b = -33. What is the remainder when 32 is divided by s?
10
Let t(p) = 20*p - 228. What is the remainder when 58 is divided by t(12)?
10
Let y(z) be the third derivative of 2*z**4/3 - z**3/2 - 3*z**2. Let h be y(8). Suppose -6*v + h = -v. What is the remainder when v is divided by 14?
11
Suppose 24 = 2*o - 5*q, -o - 1 = -3*q - 14. Let p = 122 - 44. What is the remainder when o is divided by (p/52)/((-3)/(-8))?
3
Let c(m) = 10*m**2 - 12*m + 23. What is the remainder when c(5) is divided by 8?
5
Suppose 23*w = 18*w + 270. Calculate the remainder when 212 is divided by w.
50
Suppose y + 3 = 4*s - 1, 3*y = 2*s + 28. Calculate the remainder when (-12)/(-8) + (-118)/(-4) is divided by y.
7
Let h = -62 - -59. Calculate the remainder when (4*h/15)/(5/(-25)) is divided by 2.
0
Suppose -6 = -3*b - 9. Let o be -101*(-1 - (b - -1)). Let i = o + -56. What is the remainder when i is divided by 16?
13
Let o = 80 - 76. Calculate the remainder when (34/(-8))/((-3)/12) is divided by o.
1
Suppose 7*x = x + 2*x. Suppose h + 3*d + 2*d = 26, 5*h - 3*d - 74 = x. Let b(g) = 7*g**3 - g**2 - 3*g + 1. What is the remainder when b(2) is divided by h?
15
Calculate the remainder when (-14 - (-4980)/45)/(1/3) is divided by 30.
20
Let s = 4 - 5. Calculate the remainder when 58 is divided by 120/48*(7 + s).
13
Let v(g) = -25*g - 22. Let t be v(10). Calculate the remainder when (-27)/(-45) - t/5 is divided by 19.
17
Let z(r) = -r**2 + 13*r + 3. Let u be z(9). Let k = u - 10. What is the remainder when k is divided by 11?
7
Let z(s) = -s**3 + 8*s**2 - 5*s - 6. Suppose -5*f - 3 - 3 = 2*a, 5*a = -5*f - 15. Suppose 5*q - 17 - 13 = f. What is the remainder when z(q) is divided by 19?
17
What is the remainder when 124 is divided by 5/((-3)/78*(-19 - -17))?
59
Let p(v) = 3*v**3 - 10*v**2 - 4*v - 8. What is the remainder when 48 is divided by p(4)?
0
Let o be 1 + (2 - 36) - -1. Let x = 2 + -6. Let w = x - o. What is the remainder when w is divided by 10?
8
Suppose 9*g - 7*g - k - 15 = 0, 2*k - 18 = -4*g. Let b be (-1 - (-6)/2) + 38. What is the remainder when 1/(1 - b/42) is divided by g?
3
Let p = 9 - -17. Suppose 8 = h - 2*l - 0*l, 0 = 2*h + 2*l - 4. Suppose 0 = -3*d + h*r - 65 + 294, -r = 1. Calculate the remainder when d is divided by p.
23
Calculate the remainder when 2070/54*(1 - -2) is divided by 17.
13
Let g(n) = n**2 + 3*n - 65. Calculate the remainder when g(-15) is divided by 9.
7
Calculate the remainder when 2 + 34 + -6 + 1 is divided by ((-4)/(-6))/(13/156).
7
Let y(a) = -7*a + 20. Calculate the remainder when y(-5) is divided by 17.
4
Let s(i) = -59*i**2 - 1. Let w be s(1). Calculate the remainder when (1159/38)/((-2)/(-4)) is divided by w/(-4) - -1*1.
13
Let o be ((-68)/(-1))/(14/7). Let g = 49 + -27. Calculate the remainder when 10/((16/o)/4) is divided by g.
19
Let f = 1467 - 1164. What is the remainder when f is divided by 8?
7
Let h = 17 + -33. Let z = 141 + h. What is the remainder when z is divided by 32?
29
Suppose 7*r - 6*r - 24 = 0. Calculate the remainder when 23/2*(6 + 0) is divided by r.
21
Let h = 48 - -177. Calculate the remainder when h is divided by 19.
16
Let s(w) = w**3 - 33*w**2 + 2*w. What is the remainder when s(33) is divided by 18?
12
Suppose -26 = s - 4*x, -9*s + 2*x - 40 = -4*s. Let u = 29 + -16. What is the remainder when 25/((-9)/s + -1) is divided by u?
11
Calculate the remainder when 62 is divided by (2/(-4))/(6/(-204)).
11
Let v be 1/(-2)*386*(-3 - -2). Suppose 3*f - 42 - v = p, 0 = 2*p + 8. Calculate the remainder when f is divided by 20.
17
Let s(l) = l**2 + 10*l + 9. Let x be s(-10). Suppose 0*u - x = -3*u. Let z = -4 + 13. Calculate the remainder when z is divided by u.
0
Let w = -13 - -1. Let b = 15 + w. Let n(m) = m**2 + 2*m - 4. Calculate the remainder when n(b) is divided by 6.
5
Let z(x) = -x**2 - 9*x - 7. Let c be -2*1 + 1 + 1. Suppose c = -4*v + 27 + 121. Calculate the remainder when v is divided by z(-5).
11
Let f(d) = 3*d**2 - 11*d - 3. Let a(o) = -o**3 - 9*o**2 - 10*o - 16. Let b be a(-8). Suppose b*m - 14 = -2*m. Calculate the remainder when f(5) is divided by m.
3
Let b(p) = 42*p**2 - 2*p - 3. Calculate the remainder when b(-1) is divided by 11.
8
Suppose -9*v - 81 = -10*v. Let z = v + 0. Let l = -20 + 48. Calculate the remainder when z is divided by l.
25
Suppose 3*j + 15 - 54 = 0. Let i = 49 - 0. Calculate the remainder when i is divided by j.
10
Let i = 26 + -26. Calculate the remainder when 25 is divided by i + -4 - -18 - 0.
11
Let m(i) = 10*i + 47. Suppose 5*x - 63 = 122. What is the remainder when m(6) is divided by x?
33
Let p = 481 + -457. Suppose z + 3*z - 4 = 0. Let b = z + 6. What is the remainder when p is divided by b?
3
Suppose 4*v = -4*o - 28, 0 = -5*v - 2*o + o - 19. Let b be 0/v - (-365)/5. Let h = b - 51. Calculate the remainder when 86 is divided by h.
20
Calculate the remainder when 132 is divided by 1 - -17 - 192/48.
6
Let a(q) be the first derivative of q**4/4 - 4*q**3/3 - 5*q**2/2 - 7*q + 11. What is the remainder when a(6) is divided by 19?
16
Let f = -26 + 37. Suppose -n = -7*k + 6*k - 25, 4*k + 121 = 5*n. Calculate the remainder when n is divided by f.
10
Suppose -10*n + 105 + 45 = 0. What is the remainder when 118 is divided by n?
13
Suppose j = -3*s + 102, -11*s - 5*j = -6*s - 170. What is the remainder when 64 is divided by s?
30
Let g = 14 - -23. Suppose -5038 - 3288 = -46*l. What is the remainder when l is divided by g?
33
Let w(u) = 34*u**2 - 2*u - 9. Let y be w(4). Suppose -6*b + y - 185 = 0. Let p(v) = -2*v + 8. What is the remainder when b is divided by p(-6)?
17
Let x(g) = -g**2 - 6*g + 9. Let k be x(-8). Let y = k - -28. Suppose -5*j + 186 = -114. Calculate the remainder when j is divided by y.
18
Suppose 4*c - 3*g - 657 = 0, 13*c - 2*g = 12*c + 168. Calculate the remainder when c is div